{"id":179,"date":"2012-05-11T19:39:15","date_gmt":"2012-05-11T19:39:15","guid":{"rendered":"http:\/\/www.encontraparana.com.br\/toledo\/?p=179"},"modified":"2025-06-04T11:14:53","modified_gmt":"2025-06-04T14:14:53","slug":"contato","status":"publish","type":"page","link":"https:\/\/www.encontraparana.com.br\/toledo\/contato\/","title":{"rendered":"Contato"},"content":{"rendered":"<p><strong>ALTERAR CADASTRO DE EMPRESA<\/strong><br \/>\nPara atualizar ou remover algum cadastro, envie e-mail para <img decoding=\"async\" src=\"http:\/\/www.encontrasaopaulo.com.br\/imgs\/email-encontrasp.png\" alt=\"\" align=\"top\" \/><br \/>\nInforme o link e os dados que deseja modificar<\/p>\n<p>Se preferir, entre em contato por WhatsApp: <strong><a href=\"https:\/\/wa.me\/+5511997068881?text=ol%C3%A1%20Encontra%20Toledo,%20desejo...\" target=\"_blank\" rel=\"noopener\">(11) 99706-8881<\/a> <i class=\"fa-brands fa-whatsapp\"><\/i><\/strong><\/p>\n<hr \/>\n<p><strong>CADASTRAR UMA NOVA EMPRESA<\/strong><br \/>\nPara cadastrar gratuitamente uma nova empresa, <a href=\"\/?ptype=post_listing\">clique aqui<\/a><\/p>\n<hr \/>\n<p><strong>ANUNCIAR COM DESTAQUE<\/strong><br \/>\n<span style=\"font-weight: 400;\">Para anunciar com destaque em nosso guia:<\/span> <a href=\"\/anuncie\/\" target=\"_blank\" rel=\"noopener\">clique aqui<\/a><\/p>\n","protected":false},"excerpt":{"rendered":"<p>ALTERAR CADASTRO DE EMPRESA Para atualizar ou remover algum cadastro, envie e-mail para Informe o link e os dados que deseja modificar Se preferir, entre em contato por WhatsApp: (11) 99706-8881 CADASTRAR UMA NOVA EMPRESA Para cadastrar gratuitamente uma nova empresa, clique aqui ANUNCIAR COM DESTAQUE Para anunciar com destaque em nosso guia: clique aqui<\/p>\n","protected":false},"author":1,"featured_media":0,"parent":0,"menu_order":0,"comment_status":"closed","ping_status":"closed","template":"","meta":{"footnotes":""},"class_list":["post-179","page","type-page","status-publish","hentry"],"yoast_head":"<!-- This site is optimized with the Yoast SEO plugin v27.3 - https:\/\/yoast.com\/product\/yoast-seo-wordpress\/ -->\n<title>Contato | Guia Comercial de Toledo PR<\/title>\n<meta name=\"robots\" content=\"index, follow, max-snippet:-1, max-image-preview:large, max-video-preview:-1\" \/>\n<link rel=\"canonical\" href=\"https:\/\/www.encontraparana.com.br\/toledo\/contato\/\" \/>\n<meta property=\"og:locale\" content=\"pt_BR\" \/>\n<meta property=\"og:type\" content=\"article\" \/>\n<meta property=\"og:title\" content=\"Contato | Guia Comercial de Toledo PR\" \/>\n<meta property=\"og:description\" content=\"ALTERAR CADASTRO DE EMPRESA Para atualizar ou remover algum cadastro, envie e-mail para Informe o link e os dados que deseja modificar Se preferir, entre em contato por WhatsApp: (11) 99706-8881 CADASTRAR UMA NOVA EMPRESA Para cadastrar gratuitamente uma nova empresa, clique aqui ANUNCIAR COM DESTAQUE Para anunciar com destaque em nosso guia: clique aqui\" \/>\n<meta property=\"og:url\" content=\"https:\/\/www.encontraparana.com.br\/toledo\/contato\/\" \/>\n<meta property=\"og:site_name\" content=\"Guia Comercial de Toledo PR\" \/>\n<meta property=\"article:modified_time\" content=\"2025-06-04T14:14:53+00:00\" \/>\n<meta property=\"og:image\" content=\"http:\/\/www.encontrasaopaulo.com.br\/imgs\/email-encontrasp.png\" \/>\n<meta name=\"twitter:card\" content=\"summary_large_image\" \/>\n<meta name=\"twitter:label1\" content=\"Est. tempo de leitura\" \/>\n\t<meta name=\"twitter:data1\" content=\"2 minutos\" \/>\n<script type=\"application\/ld+json\" class=\"yoast-schema-graph\">{\"@context\":\"https:\\\/\\\/schema.org\",\"@graph\":[{\"@type\":\"WebPage\",\"@id\":\"https:\\\/\\\/www.encontraparana.com.br\\\/toledo\\\/contato\\\/\",\"url\":\"https:\\\/\\\/www.encontraparana.com.br\\\/toledo\\\/contato\\\/\",\"name\":\"Contato | Guia Comercial de Toledo PR\",\"isPartOf\":{\"@id\":\"https:\\\/\\\/www.encontraparana.com.br\\\/toledo\\\/#website\"},\"primaryImageOfPage\":{\"@id\":\"https:\\\/\\\/www.encontraparana.com.br\\\/toledo\\\/contato\\\/#primaryimage\"},\"image\":{\"@id\":\"https:\\\/\\\/www.encontraparana.com.br\\\/toledo\\\/contato\\\/#primaryimage\"},\"thumbnailUrl\":\"http:\\\/\\\/www.encontrasaopaulo.com.br\\\/imgs\\\/email-encontrasp.png\",\"datePublished\":\"2012-05-11T19:39:15+00:00\",\"dateModified\":\"2025-06-04T14:14:53+00:00\",\"inLanguage\":\"pt-BR\",\"potentialAction\":[{\"@type\":\"ReadAction\",\"target\":[\"https:\\\/\\\/www.encontraparana.com.br\\\/toledo\\\/contato\\\/\"]}]},{\"@type\":\"ImageObject\",\"inLanguage\":\"pt-BR\",\"@id\":\"https:\\\/\\\/www.encontraparana.com.br\\\/toledo\\\/contato\\\/#primaryimage\",\"url\":\"http:\\\/\\\/www.encontrasaopaulo.com.br\\\/imgs\\\/email-encontrasp.png\",\"contentUrl\":\"http:\\\/\\\/www.encontrasaopaulo.com.br\\\/imgs\\\/email-encontrasp.png\"},{\"@type\":\"WebSite\",\"@id\":\"https:\\\/\\\/www.encontraparana.com.br\\\/toledo\\\/#website\",\"url\":\"https:\\\/\\\/www.encontraparana.com.br\\\/toledo\\\/\",\"name\":\"Guia Comercial de Toledo PR\",\"description\":\"ENCONTRA TOLEDO - O guia comercial de neg\u00f3cios e empresas, cultura e divers\u00e3o na cidade de Toledo. Feito 100% para voc\u00ea morador!\",\"potentialAction\":[{\"@type\":\"SearchAction\",\"target\":{\"@type\":\"EntryPoint\",\"urlTemplate\":\"https:\\\/\\\/www.encontraparana.com.br\\\/toledo\\\/?s={search_term_string}\"},\"query-input\":{\"@type\":\"PropertyValueSpecification\",\"valueRequired\":true,\"valueName\":\"search_term_string\"}}],\"inLanguage\":\"pt-BR\"}]}<\/script>\n<!-- \/ Yoast SEO plugin. -->","yoast_head_json":{"title":"Contato | Guia Comercial de Toledo PR","robots":{"index":"index","follow":"follow","max-snippet":"max-snippet:-1","max-image-preview":"max-image-preview:large","max-video-preview":"max-video-preview:-1"},"canonical":"https:\/\/www.encontraparana.com.br\/toledo\/contato\/","og_locale":"pt_BR","og_type":"article","og_title":"Contato | Guia Comercial de Toledo PR","og_description":"ALTERAR CADASTRO DE EMPRESA Para atualizar ou remover algum cadastro, envie e-mail para Informe o link e os dados que deseja modificar Se preferir, entre em contato por WhatsApp: (11) 99706-8881 CADASTRAR UMA NOVA EMPRESA Para cadastrar gratuitamente uma nova empresa, clique aqui ANUNCIAR COM DESTAQUE Para anunciar com destaque em nosso guia: clique aqui","og_url":"https:\/\/www.encontraparana.com.br\/toledo\/contato\/","og_site_name":"Guia Comercial de Toledo PR","article_modified_time":"2025-06-04T14:14:53+00:00","og_image":[{"url":"http:\/\/www.encontrasaopaulo.com.br\/imgs\/email-encontrasp.png","type":"","width":"","height":""}],"twitter_card":"summary_large_image","twitter_misc":{"Est. tempo de leitura":"2 minutos"},"schema":{"@context":"https:\/\/schema.org","@graph":[{"@type":"WebPage","@id":"https:\/\/www.encontraparana.com.br\/toledo\/contato\/","url":"https:\/\/www.encontraparana.com.br\/toledo\/contato\/","name":"Contato | Guia Comercial de Toledo PR","isPartOf":{"@id":"https:\/\/www.encontraparana.com.br\/toledo\/#website"},"primaryImageOfPage":{"@id":"https:\/\/www.encontraparana.com.br\/toledo\/contato\/#primaryimage"},"image":{"@id":"https:\/\/www.encontraparana.com.br\/toledo\/contato\/#primaryimage"},"thumbnailUrl":"http:\/\/www.encontrasaopaulo.com.br\/imgs\/email-encontrasp.png","datePublished":"2012-05-11T19:39:15+00:00","dateModified":"2025-06-04T14:14:53+00:00","inLanguage":"pt-BR","potentialAction":[{"@type":"ReadAction","target":["https:\/\/www.encontraparana.com.br\/toledo\/contato\/"]}]},{"@type":"ImageObject","inLanguage":"pt-BR","@id":"https:\/\/www.encontraparana.com.br\/toledo\/contato\/#primaryimage","url":"http:\/\/www.encontrasaopaulo.com.br\/imgs\/email-encontrasp.png","contentUrl":"http:\/\/www.encontrasaopaulo.com.br\/imgs\/email-encontrasp.png"},{"@type":"WebSite","@id":"https:\/\/www.encontraparana.com.br\/toledo\/#website","url":"https:\/\/www.encontraparana.com.br\/toledo\/","name":"Guia Comercial de Toledo PR","description":"ENCONTRA TOLEDO - O guia comercial de neg\u00f3cios e empresas, cultura e divers\u00e3o na cidade de Toledo. Feito 100% para voc\u00ea morador!","potentialAction":[{"@type":"SearchAction","target":{"@type":"EntryPoint","urlTemplate":"https:\/\/www.encontraparana.com.br\/toledo\/?s={search_term_string}"},"query-input":{"@type":"PropertyValueSpecification","valueRequired":true,"valueName":"search_term_string"}}],"inLanguage":"pt-BR"}]}},"_links":{"self":[{"href":"https:\/\/www.encontraparana.com.br\/toledo\/wp-json\/wp\/v2\/pages\/179","targetHints":{"allow":["GET"]}}],"collection":[{"href":"https:\/\/www.encontraparana.com.br\/toledo\/wp-json\/wp\/v2\/pages"}],"about":[{"href":"https:\/\/www.encontraparana.com.br\/toledo\/wp-json\/wp\/v2\/types\/page"}],"author":[{"embeddable":true,"href":"https:\/\/www.encontraparana.com.br\/toledo\/wp-json\/wp\/v2\/users\/1"}],"replies":[{"embeddable":true,"href":"https:\/\/www.encontraparana.com.br\/toledo\/wp-json\/wp\/v2\/comments?post=179"}],"version-history":[{"count":0,"href":"https:\/\/www.encontraparana.com.br\/toledo\/wp-json\/wp\/v2\/pages\/179\/revisions"}],"wp:attachment":[{"href":"https:\/\/www.encontraparana.com.br\/toledo\/wp-json\/wp\/v2\/media?parent=179"}],"curies":[{"name":"wp","href":"https:\/\/api.w.org\/{rel}","templated":true}]}}